se -1 + 5 = 2*s. Suppose -s*d + 1 = g - 35, g - 41 = -3*d. Suppose -4*h + 0*f = 2*f - 12, 0 = -2*h + 4*f + g. List the prime factors of h.
5
Suppose 4*k = 5*x - 5391, 35*k - 3229 = -3*x + 36*k. List the prime factors of x.
5, 43
Suppose -3*i + 10697 = 16*i. What are the prime factors of i?
563
Suppose -s = -10*s - 7*s. Let q(w) = w**3 + w**2 - 2*w + 94. List the prime factors of q(s).
2, 47
Let s(v) = 11 + v - 2 - 10*v. What are the prime factors of s(-3)?
2, 3
Suppose 65*i - 6 = 63*i. List the prime factors of ((-27)/12)/i + 403/4.
2, 5
Let z be 11 - 3/(-1 - -4). Let d = z - -1. Let h = 77 - d. What are the prime factors of h?
2, 3, 11
Suppose 4*w + 20 = -12. Let p(t) = -t**3 - 9*t**2 - 9*t - 6. Let b be p(w). Suppose b*s - 53 = 7. What are the prime factors of s?
2, 3, 5
Let l(q) = q**2 - 4*q + 6. Let u(i) = i**2 + 2*i - 4. Let m be u(-4). List the prime factors of l(m).
2, 3
List the prime factors of 10*6/(-36)*-1023.
5, 11, 31
Suppose v = 5*z - 19 - 0, 5*z + 1 = -4*v. Let c(g) = 1. Let a(f) = -4*f + 2. Let i(x) = v*c(x) - a(x). What are the prime factors of i(6)?
2, 3
Suppose -4*b - 16 = 0, 4*n = -5*b + 25 + 447. What are the prime factors of n?
3, 41
Let h be (-2)/(-10) + 5/(-25) + -17. Let a(z) = -z**3 - 14*z**2 + 42*z + 9. What are the prime factors of a(h)?
2, 3
Let i(t) = -8*t**3 - t**2 - t - 1. Let r be i(-1). Let p = 130 - r. Suppose 5*c - p = -33. List the prime factors of c.
2, 3
Let a(v) = 320*v - 2. Let y be a(-2). List the prime factors of y/(-14) + 1/7.
2, 23
Suppose 3*j = -0*j + 18. Let s be (-296)/(1/((-3)/j)). Suppose 10*y + s = 14*y. What are the prime factors of y?
37
List the prime factors of ((-24)/(-9)*3)/2 + 284.
2, 3
Suppose -5 = -h, -2*i + 2*h = 4*h - 50. Suppose 0 = -3*x + p + 408 - i, -5*x = 3*p - 642. What are the prime factors of x?
3, 43
Suppose -q + 9 = 2*q. Suppose -p - q*p = -16. Suppose h + 0*h + 6 = -4*n, -n + 6 = p*h. What are the prime factors of h?
2
Let v be -1 - (0 + -4 + 3). Suppose v = 3*n - n + 4. Let q(b) = -5*b**3 - b**2 - 1. List the prime factors of q(n).
5, 7
Let y(x) = -x**3 - 8*x**2 - 8*x + 6. Let k be y(-8). What are the prime factors of 2 - 2 - k/(-2)?
5, 7
Let w(r) = 43*r + 2. List the prime factors of w(3).
131
Let u(p) = -p - 21. Let f be u(-22). List the prime factors of f/((-2)/3912*-6).
2, 163
Suppose 7*p - 1668 = p. What are the prime factors of p?
2, 139
Let g = 9644 + -6570. What are the prime factors of g?
2, 29, 53
What are the prime factors of 3948/3 + 0/5?
2, 7, 47
Let p be 117/15 + 5/25. Let a(g) = -g**3 + 10*g**2 - 8*g - 6. What are the prime factors of a(p)?
2, 29
Let c(x) be the first derivative of -8*x**2 + 4*x - 11. Let y be c(3). Let j = -32 - y. List the prime factors of j.
2, 3
What are the prime factors of 2/(-3)*(-557 + 8 + 0)?
2, 3, 61
Let q(n) = 158*n - 192. List the prime factors of q(12).
2, 3, 71
Let j(b) = -2*b**2 + 11*b - 1. Let o be j(5). Suppose -2*m - 3*a + 85 = 0, -91 = 2*m - o*m - 5*a. Suppose -3*g = -m + 8. List the prime factors of g.
2, 5
Let q(r) = 49*r**2 - 12. Let f be q(-3). Suppose -993 = -9*b + f. List the prime factors of b.
2, 79
Let c = 11 + -6. Let j = 79 + -79. Suppose -f - 1 + c = j. What are the prime factors of f?
2
Let t(m) be the first derivative of 69*m**2 + 36. What are the prime factors of t(1)?
2, 3, 23
Let d(v) = 2*v**2 + 13*v - 33. Let n(o) = -o**2 - 6*o + 17. Let y(m) = -4*d(m) - 7*n(m). What are the prime factors of y(-10)?
13
Let d = -378 - -378. Suppose -2*x = x - 15. Suppose d = -x*r + 90 + 35. List the prime factors of r.
5
Let v(g) = -g + 6*g**3 + 286 - 286. Let t be v(2). Suppose -3*p = -6*p + 4*j + t, 0 = 5*p - 3*j - 95. What are the prime factors of p?
2, 11
Suppose -2*h - v = -4, v - 12 = h - 2*v. Suppose -m = -h - 6. List the prime factors of (2/6)/(m/342).
19
Let v = -45 - -46. Let i(q) = 2*q**3 + q. What are the prime factors of i(v)?
3
Suppose 3 = -4*t - 1, 3*o = 5*t + 50. Let d = o - -9. Let v = -5 + d. What are the prime factors of v?
19
Suppose -71 = -f + 33. Suppose 812 - f = 4*y. What are the prime factors of y?
3, 59
Let j = -31 + 128. Let d = 30 + j. List the prime factors of d.
127
Let t = 3394 + -2850. What are the prime factors of t?
2, 17
Suppose 0*t + 2*p = -3*t + 2711, 5*t + 5*p - 4525 = 0. What are the prime factors of t?
17, 53
Suppose -12*h - 5*h = -13719. List the prime factors of h.
3, 269
Let d(s) = 3*s**2 - 35*s + 28. What are the prime factors of d(-15)?
2, 307
Suppose -716 = -b + 3*j, 0 = 3*b - 7*b - 5*j + 2932. List the prime factors of b.
2, 7, 13
Let w(p) = p**3 - 24*p**2 - 30*p - 27. List the prime factors of w(26).
5, 109
Suppose 0 = 4*v + 75 + 5. What are the prime factors of (v/12)/(15/(-54))?
2, 3
Suppose -t - 3*t = 0. Suppose m + 3*m - 288 = t. List the prime factors of m.
2, 3
List the prime factors of (-28508)/(-18) - 6/(-162)*6.
2, 3, 11
Suppose -119*t - 6300 = -124*t. What are the prime factors of t?
2, 3, 5, 7
List the prime factors of (-2761)/33*-42 + -2.
2, 439
Suppose 115*c - 125*c = -6930. List the prime factors of c.
3, 7, 11
Suppose -10*n = -599 - 2341. Let t be (6/(-5))/((-3)/15). Suppose 0 = -t*l + 726 - n. What are the prime factors of l?
2, 3
Let r be -2*(-3)/(6/(-4)). Let l(j) be the first derivative of -j**3/3 - 7*j**2/2 - j - 16. What are the prime factors of l(r)?
11
Suppose -3*i + 19 = 2*o, -4*i + i = -o - 13. Suppose -55 = i*q - 580. What are the prime factors of q?
3, 5, 7
Let c(q) = 11*q**3 - 2*q + 1. Let n be c(1). Suppose 4*r = -0*r - 2*v + n, -r + 5*v - 25 = 0. Let k = r - -2. What are the prime factors of k?
2
Let g(a) = -13*a**3 - a**2. Let h be g(1). Let m = h + 35. What are the prime factors of m?
3, 7
Let h(f) = -73*f + 9. What are the prime factors of h(-8)?
593
Let v be (-273)/(-28) + (-10)/(-8). What are the prime factors of (-15)/6*(1 - v)?
5
Let f(d) = 2*d + 13. Let q be f(-5). Suppose n - q*w = -3*n + 313, -4*w - 316 = -4*n. List the prime factors of n.
2, 19
Let p = 546 + -345. Suppose 2*a - 3*z - 199 = -3*a, p = 5*a - 2*z. List the prime factors of a.
41
Let f(y) = y**3 - 2*y + 6. Let m = -5 - -9. Let h be f(m). Let a = h - 32. List the prime factors of a.
2, 3, 5
List the prime factors of ((-50)/1)/(-4*5/2160).
2, 3, 5
Let u(r) = 2*r - 8. Let t be u(7). Let i be ((-2)/(-4))/(3/102). Let l = i - t. What are the prime factors of l?
11
Let v = -15 - -25. Let k = -8 + v. Suppose k*o + i - 52 = 0, 3*o + 2*i = 4*o - 26. What are the prime factors of o?
2, 13
Suppose 0 = 5*v + k - 133, 6 + 0 = 2*k. Suppose -2400 = 11*u - v*u. What are the prime factors of u?
2, 5
Let x(l) = -2*l + 12. Let g be x(4). What are the prime factors of -20*-3*g/8?
2, 3, 5
Let g = 349 + 381. What are the prime factors of g?
2, 5, 73
List the prime factors of (-4431)/(-35)*(-10)/(-3).
2, 211
Let h be 7*(-34)/85*(-5 - 0). Let w be ((-1)/(-2))/((-4)/8). Let f = w + h. List the prime factors of f.
13
Let t(o) be the third derivative of o**6/120 - 2*o**5/15 + 5*o**4/8 + 2*o**3 + 45*o**2. What are the prime factors of t(9)?
2, 3, 19
Suppose 545 = 8*y + 105. List the prime factors of y.
5, 11
Suppose 78*k - 93*k = -16620. What are the prime factors of k?
2, 277
Suppose 11 = 2*h - 1. What are the prime factors of 3/h*-1*-86?
43
Let l be 0 - 2*25/10. List the prime factors of -2 + 59 - ((l - -3) + 3).
2, 7
Let w = 531 + -363. What are the prime factors of w/(-18)*(-108)/14?
2, 3
Let g(a) = -a**2 - 11*a - 6. Let f be g(-6). Let l be (f/(-18))/((-4)/126). Suppose -4*n = 2*z - 8 - l, 49 = 4*n + 3*z. List the prime factors of n.
13
Let q = 8 + -5. Suppose 0 = -4*b + q*m - 3, m - 4*m = 3*b - 3. Suppose 54 = -b*u + 2*u + 3*p, 4*p = -u + 32. What are the prime factors of u?
2, 3
Let f(c) = c**3 + 12*c**2 - 18*c + 10. What are the prime factors of f(-10)?
2, 3, 5, 13
Let y(t) = 2*t**3 + 31*t**2 - 17*t - 18. Let j be y(-16). What are the prime factors of (-4)/((-72)/5762) - j/(-18)?
2, 5
Suppose 0 = -3*r - 527 - 28. Let q = r - -305. List the prime factors of q.
2, 3, 5
Suppose 0 = -5*w + 4*w + 4. Suppose 2*z + w*u - 150 = -42, -4*z = -3*u - 216. What are the prime factors of z?
2, 3
Let a = -30 + 69. Suppose 0*p + l = -2*p - 15, 4*p + 5*l = -a. What are the prime factors of -6*(3 + 45/p)?
3
Suppose 4*m + 3*r - 52 = r, 33 = 3*m + 3*r. Suppose p - 4*s = m, 3*p - 3*s - 15 = p. What are the p